What are the prime factors of v?
67
Suppose 0 = -4*q + 2*x - 309 + 1705, 3*q + x = 1047. Suppose -y + q = k, 4*k + 1057 = 7*k + 5*y. List the prime factors of k.
2, 43
Let a = 42990 - 30033. What are the prime factors of a?
3, 7, 617
Suppose 1078*u - 1025*u - 683117 = 0. What are the prime factors of u?
12889
Let b(w) = -11604*w - 2925. List the prime factors of b(-3).
3, 1181
Suppose y = -4*t + 3*y + 10, 2*t + 4*y = -10. Let a = t + 3. Suppose -a*d + 236 = -420. List the prime factors of d.
2, 41
Let b(y) = 2*y**2 + 12*y + 15. Let x(d) = 2*d**2 + 12*d + 15. Let f(h) = 6*b(h) - 5*x(h). Let j = -68 - -60. What are the prime factors of f(j)?
47
Let t = 1940 + -504. List the prime factors of t.
2, 359
Suppose 0 = 3*b - 3. Suppose -b = -y + 4. Suppose -111 = 2*d - y*d. What are the prime factors of d?
37
List the prime factors of (2/(-16)*14)/(9818/(-3272) + 3).
7, 409
Let p = -75302 - -122565. List the prime factors of p.
151, 313
List the prime factors of (1324 - -18) + 13 + -4.
7, 193
Suppose 0 = 4*t - c - 664, 4*t - 5*c - 668 = -3*c. Suppose -25 = 5*o - 5*p, 3*o - 11 = 5*p - 16. What are the prime factors of (88/o)/((-11)/t)?
2, 3, 11
Let o = 68 - 66. Suppose 484 = o*s + 2*s. Let y = s - 42. List the prime factors of y.
79
Let y(l) = l**3 + 14*l**2 - 27*l + 41. Let k be y(-21). Let i = -1386 - k. What are the prime factors of i?
1093
Let j = 269 + -267. What are the prime factors of (-14730)/(-40) + 1/((-8)/j)?
2, 23
Let v(u) = -3*u**2 - 8*u - 4. Let n be v(4). Let d = n - -86. Suppose 0*q + q - g - 118 = 0, q - d*g - 118 = 0. List the prime factors of q.
2, 59
Let w be ((-15)/4 + 1)/(29/(-232)). Suppose -833 = 3*x - 3437. Suppose -6*j + x - w = 0. List the prime factors of j.
3, 47
Suppose 24 = -4*z + 10*z. Let x(v) = -2*v - 1. Let q be x(-2). Suppose -c - 3*t = -3*c + 169, -347 = -z*c - q*t. What are the prime factors of c?
2, 43
Suppose -3*n + 23*n = -120. Let k be (2/n)/((-32)/(-4128)). List the prime factors of (1 - k)*(-105)/(-28).
3, 5, 11
Suppose 5*r = -7*c + 12*c - 140, c = 4*r + 112. List the prime factors of 4 + (-78)/21 - 33200/r.
2, 593
Let b be -1552 - 15/6*-2. Let q = -808 - b. List the prime factors of q.
739
List the prime factors of 2108722/70 + 4 + (-144)/40.
5, 241
What are the prime factors of -12 - (11 + -24845) - -14?
2, 7, 887
Suppose 39*j = 34647 + 185703. What are the prime factors of j?
2, 5, 113
Suppose 5*d - 8*d + 3 = 0. Let m be 3*d/(-3) - (-5 - -1). What are the prime factors of (-1107)/(-36)*8/m?
2, 41
Let b(w) = w**2 - 12*w - 46. Let a be b(-12). Suppose -5*l + 0*l + a = 2*j, l = -j + 121. List the prime factors of j.
11
Suppose -22*u = 24*u + 90502 - 422576. List the prime factors of u.
7219
Suppose -12*v + 4*c = -11*v - 6586, -3*v + 19718 = -2*c. What are the prime factors of v?
2, 3, 5, 73
Let y = 9878 + -9705. List the prime factors of y.
173
Suppose -252 = -4*g - 3*k + 7*k, -4*k = -g + 51. Suppose 10*a - 5*a = -4*y - 253, g = -y - 5*a. Let p = -36 - y. List the prime factors of p.
2, 13
Let n = -2484 - -11728. List the prime factors of n.
2, 2311
Let r(g) = 13*g**2 - 8*g**2 - 9 + 4*g - 4*g**2. Let f be r(-5). List the prime factors of 105*(33/(-9) - f).
5, 7
Suppose 17*k = -6*k - 11*k + 368730. What are the prime factors of k?
3, 5, 241
Suppose 986*s - 988*s - 5084 = 0. Let q = -1259 - s. List the prime factors of q.
1283
Suppose -23*h - 24 = -29*h. Suppose 0 = 5*l - h*q - 1022, l + 4*q + 404 = 3*l. Let t = l - 113. List the prime factors of t.
3, 31
Let o be -5*((-24)/10 + 2). Suppose -n + 10 = -5*u, 5*n + 30*u = 34*u + 50. What are the prime factors of (2394/30 + o/n)/1?
2, 5
Let h = 579 + -573. Suppose -12*t = h*t - 18972. List the prime factors of t.
2, 17, 31
Suppose -7515 - 701 = -117*c + 793. What are the prime factors of c?
7, 11
Let d be 402/15 - 2/(-10). Let l = 45 - d. List the prime factors of l.
2, 3
Let p(v) = 9*v**3 - 3*v. Let i be p(-2). Let q = i - -69. Suppose -5*t + q*t - 313 = -5*o, 4*o = t + 248. What are the prime factors of o?
61
Suppose 81820 = 5*z + 5*a, -22*a = -3*z - 26*a + 49087. List the prime factors of z.
16369
Suppose 63 - 318 = -5*i. Suppose -5*d + 88 = 3*g, 3*d - 4*g - i = 25. Suppose -d*a + 69 = -17*a. List the prime factors of a.
23
Let d(p) = -p**3 - 7*p**2 - 10*p. Let q be d(-5). Suppose -4*f + 428 + 364 = q. List the prime factors of f.
2, 3, 11
Suppose 4*q = -f - 4, 4*q + 8 = -f - f. Let i(g) = 19*g**2 - 4*g + 5. What are the prime factors of i(f)?
5, 13
Let i = -12 - -26. Suppose -20 = d - i. List the prime factors of (d/(-12))/((-4)/(-216)).
3
Let b be (-6 - -3)*(-5025)/9. Suppose -3*s + 236 + b = 0. What are the prime factors of s?
7, 13
Suppose -4*l + 3*c - 12 - 51 = 0, 4*c = -l - 30. Let d be -6*(-4)/l*(-3)/2. Let f(u) = 2*u**3 + 2*u**2 - 6*u + 9. List the prime factors of f(d).
3, 7
Let w(t) = 423*t**2 - 65*t + 434. What are the prime factors of w(7)?
2, 3, 7, 17, 29
What are the prime factors of ((-286300)/420)/((-2)/54)?
3, 5, 409
Let w(m) = -3*m - 16. Let k be w(-10). Suppose -17*q = -k*q + 1242. Let y = 629 + q. What are the prime factors of y?
5, 43
Let a be (62/(-51) + 8/(-68))/(2/(-3)). Let j(i) = -7 + 1 + i + 38*i**2 + 1. What are the prime factors of j(a)?
149
Suppose 0 = n + 3*c - 5962, c + 23919 = 4*n + 32. List the prime factors of n.
7, 853
Let k = 2033 + 4782. List the prime factors of k.
5, 29, 47
Let p be (9/2)/(3/4). Let b be -3*4/30 + (8 - 12488/(-70)). What are the prime factors of ((-1)/2 - (-9)/p) + b?
11, 17
Suppose 2*d - 4*s - 6 = 0, -4*d + 3*d + 15 = 4*s. Let u(q) = -q - 20. Let j(i) = 2*i + 39. Let p(w) = d*u(w) + 4*j(w). List the prime factors of p(18).
2, 17
Let a be (-2)/3 - (-16)/24. Suppose a = -m + 6*m + 200. Let c = m - -142. List the prime factors of c.
2, 3, 17
Let j = -70648 - -101469. List the prime factors of j.
7, 17, 37
Let k = 50370 - -24336. List the prime factors of k.
2, 3, 12451
Suppose -27 = -3*m - 3*h, -3*m + 5*h = -42 - 1. Suppose -m*f = -5*i - 6*f + 2675, -3*i - 5*f = -1605. What are the prime factors of i?
5, 107
Suppose 91*b = 93*b + 2. Let n(q) = 1065*q**2 + 14*q + 13. What are the prime factors of n(b)?
2, 7, 19
Let z(x) = -13*x - 89. Let t be z(-8). Suppose -198 = -t*b + 6*b. List the prime factors of b.
2, 11
Let n be ((-72)/(-48))/(1/(-22)). List the prime factors of 2108/((-11)/n + 4/6).
2, 17, 31
Suppose -21 + 28 = i. Suppose 11*h + 84 = i*h. Let n = 24 + h. What are the prime factors of n?
3
Let c(t) = t**3 - 143*t**2 - 173*t - 1191. What are the prime factors of c(145)?
2, 3, 11, 239
Let u = -36 - -97. Let v = 5 + u. Let w = -28 + v. What are the prime factors of w?
2, 19
Suppose -110*b + 990 = -99*b. Suppose 5240 = -86*t + b*t. List the prime factors of t.
2, 5, 131
Suppose -3*r = 3, 5*r = -11*l + 6*l + 142535. List the prime factors of l.
2, 7127
Let i(l) = 8*l + 31. Let u(a) = -2*a**3 + 14*a**2 - 15*a + 1. Let n be u(5). List the prime factors of i(n).
239
Suppose 0 = 4*k - 49 - 119. Let s = 96 + k. Suppose 34*r - s = 28*r. List the prime factors of r.
23
Suppose 1870 - 8194 = -4*l + 3*s, 20 = 5*s. Suppose 3*v + 5*q - 1901 = 0, 2*v - l + 324 = 4*q. List the prime factors of v.
2, 79
Suppose o - 29855 = -392*k + 394*k, 5*o + k - 149220 = 0. What are the prime factors of o?
5, 47, 127
Suppose 6*f - 3*f = 4*t + 32, 3*f + 3*t - 18 = 0. Let z be (-18)/8*-2*20. Suppose a + f = z. List the prime factors of a.
2, 41
Let x = 27824 - 11597. What are the prime factors of x?
3, 601
Let v be 1 + -125 - (120 - 119). Let c = -134 + 331. Let z = v + c. List the prime factors of z.
2, 3
Let y = -124 - -127. Suppose -m + 2*z + 102 + 111 = 0, 1100 = 5*m - y*z. List the prime factors of m.
223
Let p(d) = -33*d**3 + 9*d**2 + 100*d + 54. List the prime factors of p(-8).
2, 8363
Let y(u) = 2*u - 14. Let a be y(10). Suppose -a*i - 3*i = -3915. List the prime factors of i.
3, 5, 29
Let x(r) = -3995*r + 477. List the prime factors of x(-7).
2, 14221
Let p be -3*(1/(-3) - -1). Suppose -39 = 33*k + 6*k. What are the prime factors of (k + 2 - -114)*p/(-2)?
5, 23
Suppose 2*y + 3*g - 1086 = 0, -y + 493 = -4*g - 39. List the prime factors of 2 + (-21)/7 + y.
7, 11
Suppose -5*b = -5*s - 6790, -5*b - 4*s + 1363 = -4*b. Suppose 4*f = -3*g + 1666, -b = -4*g - 2*f + 849. List the prime factors of g.
2, 5, 11
Suppose 3*j - 4*n = 8, 